{"id":116,"date":"2021-09-15T20:59:18","date_gmt":"2021-09-15T23:59:18","guid":{"rendered":"http:\/\/localhost\/ppgll\/presentacion\/infraestrutura\/"},"modified":"2025-06-03T15:58:24","modified_gmt":"2025-06-03T18:58:24","slug":"infraestructura","status":"publish","type":"page","link":"https:\/\/fale.ufal.br\/ppgll\/es\/presentacion\/infraestructura\/","title":{"rendered":"Infraestructura"},"content":{"rendered":"<p><span style=\"font-weight: 400;\">El PPGLL cuenta con una sala de Coordinaci\u00f3n, una sala de Secretar\u00eda de Coordinaci\u00f3n, una sala de Secretar\u00eda de Alumnos, un espacio para dep\u00f3sito\/almac\u00e9n, dos espacios para la Biblioteca Sectorial Arriete Vilela, dos laboratorios, un sal\u00f3n de clases \/ reuniones \/ defensas (docentes \/ estudiantes), once salas de n\u00facleos de investigaci\u00f3n, un mini auditorio con capacidad de 80 lugares y quince aulas. Todos los docentes disponen de una sala de profesores y de atenci\u00f3n al estudiante. Todo el espacio cuenta con acceso a internet inal\u00e1mbrica, garantizando el uso del Portal de Peri\u00f3dicos de la CAPES.\u00a0<\/span><\/p>\n","protected":false},"excerpt":{"rendered":"<p>El PPGLL cuenta con una sala de Coordinaci\u00f3n, una sala de Secretar\u00eda de Coordinaci\u00f3n, una sala de Secretar\u00eda de Alumnos, [&hellip;]<\/p>\n","protected":false},"author":1,"featured_media":0,"parent":72,"menu_order":39,"comment_status":"closed","ping_status":"closed","template":"tpl\/tpl-page-about-infrastructure.php","meta":{"_acf_changed":false,"footnotes":""},"class_list":["post-116","page","type-page","status-publish","hentry"],"acf":[],"_links":{"self":[{"href":"https:\/\/fale.ufal.br\/ppgll\/es\/wp-json\/wp\/v2\/pages\/116","targetHints":{"allow":["GET"]}}],"collection":[{"href":"https:\/\/fale.ufal.br\/ppgll\/es\/wp-json\/wp\/v2\/pages"}],"about":[{"href":"https:\/\/fale.ufal.br\/ppgll\/es\/wp-json\/wp\/v2\/types\/page"}],"author":[{"embeddable":true,"href":"https:\/\/fale.ufal.br\/ppgll\/es\/wp-json\/wp\/v2\/users\/1"}],"replies":[{"embeddable":true,"href":"https:\/\/fale.ufal.br\/ppgll\/es\/wp-json\/wp\/v2\/comments?post=116"}],"version-history":[{"count":2,"href":"https:\/\/fale.ufal.br\/ppgll\/es\/wp-json\/wp\/v2\/pages\/116\/revisions"}],"predecessor-version":[{"id":3980,"href":"https:\/\/fale.ufal.br\/ppgll\/es\/wp-json\/wp\/v2\/pages\/116\/revisions\/3980"}],"up":[{"embeddable":true,"href":"https:\/\/fale.ufal.br\/ppgll\/es\/wp-json\/wp\/v2\/pages\/72"}],"wp:attachment":[{"href":"https:\/\/fale.ufal.br\/ppgll\/es\/wp-json\/wp\/v2\/media?parent=116"}],"curies":[{"name":"wp","href":"https:\/\/api.w.org\/{rel}","templated":true}]}}

<p><span style="font-weight: 400;">El PPGLL cuenta con una sala de Coordinación, una sala de Secretaría de Coordinación, una sala de Secretaría de Alumnos, un espacio para depósito/almacén, dos espacios para la Biblioteca Sectorial Arriete Vilela, dos laboratorios, un salón de clases / reuniones / defensas (docentes / estudiantes), once salas de núcleos de investigación, un mini auditorio con capacidad de 80 lugares y quince aulas. Todos los docentes disponen de una sala de profesores y de atención al estudiante. Todo el espacio cuenta con acceso a internet inalámbrica, garantizando el uso del Portal de Periódicos de la CAPES. </span></p>

<p>El PPGLL cuenta con una sala de Coordinación, una sala de Secretaría de Coordinación, una sala de Secretaría de Alumnos, [&hellip;]</p>
