{"id":95,"date":"2021-09-15T20:55:02","date_gmt":"2021-09-15T23:55:02","guid":{"rendered":"http:\/\/localhost\/ppgll\/presentation\/missao\/"},"modified":"2021-09-15T20:56:27","modified_gmt":"2021-09-15T23:56:27","slug":"mission","status":"publish","type":"page","link":"https:\/\/fale.ufal.br\/ppgll\/fr\/presentation\/mission\/","title":{"rendered":"Mission"},"content":{"rendered":"<p>O PPGLL tem como objetivo geral formar com excel\u00eancia acad\u00eamica pesquisadores nas \u00e1reas de concentra\u00e7\u00e3o de Estudos Lingu\u00edsticos e Estudos Liter\u00e1rios para o exerc\u00edcio da doc\u00eancia e da pesquisa qualificados e para a divulga\u00e7\u00e3o da produ\u00e7\u00e3o cient\u00edfica de qualidade nestas \u00e1reas, visando atingir contextos sociais mais amplos.<\/p>\n<p>Para isso, foram estabelecidos os seguintes objetivos espec\u00edficos:<\/p>\n<ol>\n<li>fomentar o desenvolvimento de pr\u00e1ticas de ensino, pesquisa e produ\u00e7\u00e3o intelectual que promovam a excel\u00eancia acad\u00eamica com compromisso social;<\/li>\n<li>incentivar projetos de pesquisa coletivos envolvendo professores e alunos do Programa assim como os da gradua\u00e7\u00e3o de forma a repercutir a produ\u00e7\u00e3o cient\u00edfica em diferentes n\u00edveis acad\u00eamicos;<\/li>\n<li>consolidar e ampliar os di\u00e1logos interinstitucionais e os interc\u00e2mbios e conv\u00eanios acad\u00eamico-cient\u00edficos, promovendo, inclusive, a internacionaliza\u00e7\u00e3o do Programa;<\/li>\n<li>incentivar o aprimoramento e a produ\u00e7\u00e3o de docentes e discentes, melhorando a distribui\u00e7\u00e3o da produ\u00e7\u00e3o intelectual e incrementando a produ\u00e7\u00e3o conjunta;<\/li>\n<li>favorecer e apoiar a participa\u00e7\u00e3o de docentes e discentes em eventos acad\u00eamicos ligados \u00e0s linhas de pesquisa do Programa;<\/li>\n<\/ol>\n","protected":false},"excerpt":{"rendered":"<p>O PPGLL tem como objetivo geral formar com excel\u00eancia acad\u00eamica pesquisadores nas \u00e1reas de concentra\u00e7\u00e3o de Estudos Lingu\u00edsticos e Estudos [&hellip;]<\/p>\n","protected":false},"author":1,"featured_media":0,"parent":69,"menu_order":23,"comment_status":"closed","ping_status":"closed","template":"tpl\/tpl-page-about.php","meta":{"_acf_changed":false,"footnotes":""},"class_list":["post-95","page","type-page","status-publish","hentry"],"acf":[],"_links":{"self":[{"href":"https:\/\/fale.ufal.br\/ppgll\/fr\/wp-json\/wp\/v2\/pages\/95","targetHints":{"allow":["GET"]}}],"collection":[{"href":"https:\/\/fale.ufal.br\/ppgll\/fr\/wp-json\/wp\/v2\/pages"}],"about":[{"href":"https:\/\/fale.ufal.br\/ppgll\/fr\/wp-json\/wp\/v2\/types\/page"}],"author":[{"embeddable":true,"href":"https:\/\/fale.ufal.br\/ppgll\/fr\/wp-json\/wp\/v2\/users\/1"}],"replies":[{"embeddable":true,"href":"https:\/\/fale.ufal.br\/ppgll\/fr\/wp-json\/wp\/v2\/comments?post=95"}],"version-history":[{"count":1,"href":"https:\/\/fale.ufal.br\/ppgll\/fr\/wp-json\/wp\/v2\/pages\/95\/revisions"}],"predecessor-version":[{"id":98,"href":"https:\/\/fale.ufal.br\/ppgll\/fr\/wp-json\/wp\/v2\/pages\/95\/revisions\/98"}],"up":[{"embeddable":true,"href":"https:\/\/fale.ufal.br\/ppgll\/fr\/wp-json\/wp\/v2\/pages\/69"}],"wp:attachment":[{"href":"https:\/\/fale.ufal.br\/ppgll\/fr\/wp-json\/wp\/v2\/media?parent=95"}],"curies":[{"name":"wp","href":"https:\/\/api.w.org\/{rel}","templated":true}]}}

<p>O PPGLL tem como objetivo geral formar com excelência acadêmica pesquisadores nas áreas de concentração de Estudos Linguísticos e Estudos Literários para o exercício da docência e da pesquisa qualificados e para a divulgação da produção científica de qualidade nestas áreas, visando atingir contextos sociais mais amplos.</p>
<p>Para isso, foram estabelecidos os seguintes objetivos específicos:</p>
<ol>
<li>fomentar o desenvolvimento de práticas de ensino, pesquisa e produção intelectual que promovam a excelência acadêmica com compromisso social;</li>
<li>incentivar projetos de pesquisa coletivos envolvendo professores e alunos do Programa assim como os da graduação de forma a repercutir a produção científica em diferentes níveis acadêmicos;</li>
<li>consolidar e ampliar os diálogos interinstitucionais e os intercâmbios e convênios acadêmico-científicos, promovendo, inclusive, a internacionalização do Programa;</li>
<li>incentivar o aprimoramento e a produção de docentes e discentes, melhorando a distribuição da produção intelectual e incrementando a produção conjunta;</li>
<li>favorecer e apoiar a participação de docentes e discentes em eventos acadêmicos ligados às linhas de pesquisa do Programa;</li>
</ol>

<p>O PPGLL tem como objetivo geral formar com excelência acadêmica pesquisadores nas áreas de concentração de Estudos Linguísticos e Estudos [&hellip;]</p>
