{"id":101,"date":"2021-09-15T20:57:10","date_gmt":"2021-09-15T23:57:10","guid":{"rendered":"http:\/\/localhost\/ppgll\/?page_id=101"},"modified":"2022-10-03T17:29:08","modified_gmt":"2022-10-03T20:29:08","slug":"perfil-do-egresso","status":"publish","type":"page","link":"https:\/\/fale.ufal.br\/ppgll\/apresentacao\/perfil-do-egresso\/","title":{"rendered":"Perfil do egresso"},"content":{"rendered":"<p>O egresso do Programa de P\u00f3s-Gradua\u00e7\u00e3o em Lingu\u00edstica e Literatura (PPGLL) \u00e9 um especialista que, em sua atividade profissional, coliga ensino e pesquisa, aprimorando sua atua\u00e7\u00e3o por meio da compreens\u00e3o interdisciplinar dos diferentes campos de estudo da Lingu\u00edstica ou da Literatura, tendo como foco o funcionamento da linguagem em suas diferentes perspectivas e interfaces. Em conformidade com os objetivos do PPGLL, o egresso torna-se capaz de formular suas pr\u00f3prias quest\u00f5es a respeito da linguagem (l\u00edngua e literatura), pensada na sua conjuntura social e hist\u00f3rica. Ao longo de sua forma\u00e7\u00e3o, este egresso assim uma capacidade te\u00f3rica acerca da linguagem que lhe permite avaliar a media\u00e7\u00e3o desta, como um instrumento, face aos objetos cient\u00edficos que s\u00e3o seus objetos de conhecimento, nas diferentes \u00e1reas de saber em que ele se situa.<\/p>\n<blockquote><p>Ao se titular Mestre ou Doutor no PPGLL, dada sua forma\u00e7\u00e3o em alto n\u00edvel, o egresso se torna um sujeito capaz de refletir de forma cr\u00edtica sobre os conhecimentos e instrumentos da linguagem (l\u00edngua ou literatura) na rela\u00e7\u00e3o com a sociedade, vinculando esses saberes com suas atividades profissionais, seja qual for sua \u00e1rea de atua\u00e7\u00e3o; esse cientista da linguagem \u00e9 tamb\u00e9m um profissional capaz de atuar nos diferentes n\u00edveis educacionais (ensino fundamental, m\u00e9dio ou superior) articulando conhecimentos de\/sobre linguagem para contribuir com o ensino e aprendizagem da(s) l\u00edngua(s) e literatura(s), com as atividades de orienta\u00e7\u00e3o e extens\u00e3o, com a elabora\u00e7\u00e3o de pol\u00edticas p\u00fablicas e com atividades diversas propostas em outros dom\u00ednios disciplinares.<\/p><\/blockquote>\n<p>Os especialistas formados no PPGLL t\u00eam assumido suas posi\u00e7\u00f5es como professores pesquisadores ou como profissionais de diferentes \u00e1reas, galgando novos espa\u00e7os de atua\u00e7\u00e3o, dada sua forma\u00e7\u00e3o em p\u00f3s-gradua\u00e7\u00e3o. Os egressos do Programa t\u00eam atuando como docentes em diversas institui\u00e7\u00f5es de ensino superior da regi\u00e3o, outros s\u00e3o professores da rede p\u00fablica de ensino em diversas cidades do Estado de Alagoas e fora dele. Como se pode observar a forma\u00e7\u00e3o proporcionada pelo Programa tem permitido tanto uma inser\u00e7\u00e3o na carreira universit\u00e1ria quanto um aprimoramento de diferentes pr\u00e1ticas profissionais, possibilitando que o egresso busque novos espa\u00e7os e formas de atua\u00e7\u00e3o.<\/p>\n","protected":false},"excerpt":{"rendered":"<p>O egresso do Programa de P\u00f3s-Gradua\u00e7\u00e3o em Lingu\u00edstica e Literatura (PPGLL) \u00e9 um especialista que, em sua atividade profissional, coliga [&hellip;]<\/p>\n","protected":false},"author":1,"featured_media":0,"parent":55,"menu_order":37,"comment_status":"closed","ping_status":"closed","template":"tpl\/tpl-page-about-egressos.php","meta":{"_acf_changed":false,"footnotes":""},"class_list":["post-101","page","type-page","status-publish","hentry"],"acf":[],"_links":{"self":[{"href":"https:\/\/fale.ufal.br\/ppgll\/wp-json\/wp\/v2\/pages\/101","targetHints":{"allow":["GET"]}}],"collection":[{"href":"https:\/\/fale.ufal.br\/ppgll\/wp-json\/wp\/v2\/pages"}],"about":[{"href":"https:\/\/fale.ufal.br\/ppgll\/wp-json\/wp\/v2\/types\/page"}],"author":[{"embeddable":true,"href":"https:\/\/fale.ufal.br\/ppgll\/wp-json\/wp\/v2\/users\/1"}],"replies":[{"embeddable":true,"href":"https:\/\/fale.ufal.br\/ppgll\/wp-json\/wp\/v2\/comments?post=101"}],"version-history":[{"count":5,"href":"https:\/\/fale.ufal.br\/ppgll\/wp-json\/wp\/v2\/pages\/101\/revisions"}],"predecessor-version":[{"id":2631,"href":"https:\/\/fale.ufal.br\/ppgll\/wp-json\/wp\/v2\/pages\/101\/revisions\/2631"}],"up":[{"embeddable":true,"href":"https:\/\/fale.ufal.br\/ppgll\/wp-json\/wp\/v2\/pages\/55"}],"wp:attachment":[{"href":"https:\/\/fale.ufal.br\/ppgll\/wp-json\/wp\/v2\/media?parent=101"}],"curies":[{"name":"wp","href":"https:\/\/api.w.org\/{rel}","templated":true}]}}

<p>O egresso do Programa de Pós-Graduação em Linguística e Literatura (PPGLL) é um especialista que, em sua atividade profissional, coliga ensino e pesquisa, aprimorando sua atuação por meio da compreensão interdisciplinar dos diferentes campos de estudo da Linguística ou da Literatura, tendo como foco o funcionamento da linguagem em suas diferentes perspectivas e interfaces. Em conformidade com os objetivos do PPGLL, o egresso torna-se capaz de formular suas próprias questões a respeito da linguagem (língua e literatura), pensada na sua conjuntura social e histórica. Ao longo de sua formação, este egresso assim uma capacidade teórica acerca da linguagem que lhe permite avaliar a mediação desta, como um instrumento, face aos objetos científicos que são seus objetos de conhecimento, nas diferentes áreas de saber em que ele se situa.</p>
<blockquote><p>Ao se titular Mestre ou Doutor no PPGLL, dada sua formação em alto nível, o egresso se torna um sujeito capaz de refletir de forma crítica sobre os conhecimentos e instrumentos da linguagem (língua ou literatura) na relação com a sociedade, vinculando esses saberes com suas atividades profissionais, seja qual for sua área de atuação; esse cientista da linguagem é também um profissional capaz de atuar nos diferentes níveis educacionais (ensino fundamental, médio ou superior) articulando conhecimentos de/sobre linguagem para contribuir com o ensino e aprendizagem da(s) língua(s) e literatura(s), com as atividades de orientação e extensão, com a elaboração de políticas públicas e com atividades diversas propostas em outros domínios disciplinares.</p></blockquote>
<p>Os especialistas formados no PPGLL têm assumido suas posições como professores pesquisadores ou como profissionais de diferentes áreas, galgando novos espaços de atuação, dada sua formação em pós-graduação. Os egressos do Programa têm atuando como docentes em diversas instituições de ensino superior da região, outros são professores da rede pública de ensino em diversas cidades do Estado de Alagoas e fora dele. Como se pode observar a formação proporcionada pelo Programa tem permitido tanto uma inserção na carreira universitária quanto um aprimoramento de diferentes práticas profissionais, possibilitando que o egresso busque novos espaços e formas de atuação.</p>

<p>O egresso do Programa de Pós-Graduação em Linguística e Literatura (PPGLL) é um especialista que, em sua atividade profissional, coliga [&hellip;]</p>
