{"id":2,"date":"2021-09-15T17:57:04","date_gmt":"2021-09-15T20:57:04","guid":{"rendered":"http:\/\/localhost\/ppgll\/?page_id=2"},"modified":"2021-11-03T18:08:37","modified_gmt":"2021-11-03T21:08:37","slug":"pagina-inicial","status":"publish","type":"page","link":"https:\/\/fale.ufal.br\/ppgll\/","title":{"rendered":"P\u00e1gina inicial"},"content":{"rendered":"<p>O Programa de P\u00f3s-Gradua\u00e7\u00e3o em Lingu\u00edstica e Literatura (PPGLL) da Faculdade de Letras da Universidade Federal de Alagoas, criado em 1989, \u00e9 o \u00fanico Programa de P\u00f3s-Gradua\u00e7\u00e3o na \u00c1rea de Lingu\u00edstica e Literatura do estado de Alagoas e tem contribu\u00eddo para a forma\u00e7\u00e3o de professores-pesquisadores, com inser\u00e7\u00e3o em v\u00e1rias universidades p\u00fablicas e privadas do Brasil, bem como na forma\u00e7\u00e3o de docentes para a Educa\u00e7\u00e3o B\u00e1sica. O Programa est\u00e1 organizado em duas \u00e1reas de concentra\u00e7\u00e3o: Lingu\u00edstica e Estudos Liter\u00e1rios.<\/p>\n","protected":false},"excerpt":{"rendered":"<p>O Programa de P\u00f3s-Gradua\u00e7\u00e3o em Lingu\u00edstica e Literatura (PPGLL) da Faculdade de Letras da Universidade Federal de Alagoas, criado em [&hellip;]<\/p>\n","protected":false},"author":1,"featured_media":0,"parent":0,"menu_order":49,"comment_status":"closed","ping_status":"closed","template":"tpl\/tpl-page-home.php","meta":{"_acf_changed":false,"footnotes":""},"class_list":["post-2","page","type-page","status-publish","hentry"],"acf":[],"_links":{"self":[{"href":"https:\/\/fale.ufal.br\/ppgll\/wp-json\/wp\/v2\/pages\/2","targetHints":{"allow":["GET"]}}],"collection":[{"href":"https:\/\/fale.ufal.br\/ppgll\/wp-json\/wp\/v2\/pages"}],"about":[{"href":"https:\/\/fale.ufal.br\/ppgll\/wp-json\/wp\/v2\/types\/page"}],"author":[{"embeddable":true,"href":"https:\/\/fale.ufal.br\/ppgll\/wp-json\/wp\/v2\/users\/1"}],"replies":[{"embeddable":true,"href":"https:\/\/fale.ufal.br\/ppgll\/wp-json\/wp\/v2\/comments?post=2"}],"version-history":[{"count":8,"href":"https:\/\/fale.ufal.br\/ppgll\/wp-json\/wp\/v2\/pages\/2\/revisions"}],"predecessor-version":[{"id":619,"href":"https:\/\/fale.ufal.br\/ppgll\/wp-json\/wp\/v2\/pages\/2\/revisions\/619"}],"wp:attachment":[{"href":"https:\/\/fale.ufal.br\/ppgll\/wp-json\/wp\/v2\/media?parent=2"}],"curies":[{"name":"wp","href":"https:\/\/api.w.org\/{rel}","templated":true}]}}