{"id":4151,"date":"2025-10-24T15:34:07","date_gmt":"2025-10-24T18:34:07","guid":{"rendered":"https:\/\/fale.ufal.br\/ppgll\/?page_id=4151"},"modified":"2025-10-24T15:47:50","modified_gmt":"2025-10-24T18:47:50","slug":"teses-e-dissertacoes","status":"publish","type":"page","link":"https:\/\/fale.ufal.br\/ppgll\/apresentacao\/teses-e-dissertacoes\/","title":{"rendered":"Teses e Disserta\u00e7\u00f5es"},"content":{"rendered":"<p>Acesse o reposit\u00f3rio institucional da UFAL e conhe\u00e7a os trabalhos defendidos no PPGLL.<\/p>\n<p><strong><a href=\"http:\/\/www.repositorio.ufal.br\/handle\/riufal\/2641\/browse?type=dateissued&amp;sort_by=2&amp;order=DESC&amp;rpp=20&amp;etal=0&amp;submit_browse=Atualizar\">ACESSE AQUI<\/a><\/strong><\/p>\n<p>http:\/\/www.repositorio.ufal.br\/handle\/riufal\/2641\/browse?type=dateissued&#038;sort_by=2&#038;order=DESC&#038;rpp=20&#038;etal=0&#038;submit_browse=Atualizar<\/p>\n","protected":false},"excerpt":{"rendered":"<p>Acesse o reposit\u00f3rio institucional da UFAL e conhe\u00e7a os trabalhos defendidos no PPGLL. ACESSE AQUI http:\/\/www.repositorio.ufal.br\/handle\/riufal\/2641\/browse?type=dateissued&#038;sort_by=2&#038;order=DESC&#038;rpp=20&#038;etal=0&#038;submit_browse=Atualizar<\/p>\n","protected":false},"author":2,"featured_media":0,"parent":55,"menu_order":0,"comment_status":"closed","ping_status":"closed","template":"","meta":{"_acf_changed":false,"footnotes":""},"class_list":["post-4151","page","type-page","status-publish","hentry"],"acf":[],"_links":{"self":[{"href":"https:\/\/fale.ufal.br\/ppgll\/wp-json\/wp\/v2\/pages\/4151","targetHints":{"allow":["GET"]}}],"collection":[{"href":"https:\/\/fale.ufal.br\/ppgll\/wp-json\/wp\/v2\/pages"}],"about":[{"href":"https:\/\/fale.ufal.br\/ppgll\/wp-json\/wp\/v2\/types\/page"}],"author":[{"embeddable":true,"href":"https:\/\/fale.ufal.br\/ppgll\/wp-json\/wp\/v2\/users\/2"}],"replies":[{"embeddable":true,"href":"https:\/\/fale.ufal.br\/ppgll\/wp-json\/wp\/v2\/comments?post=4151"}],"version-history":[{"count":1,"href":"https:\/\/fale.ufal.br\/ppgll\/wp-json\/wp\/v2\/pages\/4151\/revisions"}],"predecessor-version":[{"id":4152,"href":"https:\/\/fale.ufal.br\/ppgll\/wp-json\/wp\/v2\/pages\/4151\/revisions\/4152"}],"up":[{"embeddable":true,"href":"https:\/\/fale.ufal.br\/ppgll\/wp-json\/wp\/v2\/pages\/55"}],"wp:attachment":[{"href":"https:\/\/fale.ufal.br\/ppgll\/wp-json\/wp\/v2\/media?parent=4151"}],"curies":[{"name":"wp","href":"https:\/\/api.w.org\/{rel}","templated":true}]}}